{"id":2,"date":"2025-04-30T20:23:44","date_gmt":"2025-04-30T20:23:44","guid":{"rendered":"https:\/\/pizzerialakeview.com\/?page_id=2"},"modified":"2025-05-20T15:35:24","modified_gmt":"2025-05-20T15:35:24","slug":"sample-page","status":"publish","type":"page","link":"https:\/\/pizzerialakeview.com\/?page_id=2","title":{"rendered":"Kendi i Lojerave"},"content":{"rendered":"\t\t<div data-elementor-type=\"wp-page\" data-elementor-id=\"2\" class=\"elementor elementor-2\">\n\t\t\t\t<div class=\"elementor-element elementor-element-6846618 e-flex e-con-boxed tmpcoder-sticky-section-no e-con e-parent\" data-id=\"6846618\" data-element_type=\"container\">\n\t\t\t\t\t<div class=\"e-con-inner\">\n\t\t\t\t\t<\/div>\n\t\t\t\t<\/div>\n\t\t<div class=\"elementor-element elementor-element-f082518 e-grid e-con-boxed tmpcoder-sticky-section-no e-con e-parent\" data-id=\"f082518\" data-element_type=\"container\">\n\t\t\t\t\t<div class=\"e-con-inner\">\n\t\t\t\t<div class=\"elementor-element elementor-element-f10ac2c elementor-widget elementor-widget-text-editor\" data-id=\"f10ac2c\" data-element_type=\"widget\" data-widget_type=\"text-editor.default\">\n\t\t\t\t<div class=\"elementor-widget-container\">\n\t\t\t\t\t\t\t\t\t<h3 class=\"\" data-start=\"164\" data-end=\"210\">K\u00ebndi i Loj\u00ebrave tek Pizzeria <strong data-start=\"198\" data-end=\"210\">Lakeview<\/strong><\/h3><p class=\"\" data-start=\"212\" data-end=\"517\">Tek Pizzeria <strong data-start=\"225\" data-end=\"237\">Lakeview<\/strong>, p\u00ebrkujdesja p\u00ebr klient\u00ebt tan\u00eb m\u00eb t\u00eb vegj\u00ebl \u00ebsht\u00eb po aq e r\u00ebnd\u00ebsishme sa edhe sh\u00ebrbimi ndaj t\u00eb rriturve. Prandaj kemi krijuar nj\u00eb <strong data-start=\"368\" data-end=\"405\">k\u00ebnd loje t\u00eb dedikuar p\u00ebr f\u00ebmij\u00ebt<\/strong>, ku ata mund t\u00eb arg\u00ebtohen dhe t\u00eb kalojn\u00eb koh\u00eb t\u00eb lumtur e t\u00eb sigurt, nd\u00ebrkoh\u00eb q\u00eb ju shijoni ushqimin n\u00eb qet\u00ebsi.<\/p><h4 class=\"\" data-start=\"519\" data-end=\"554\">Si kujdesemi p\u00ebr f\u00ebmij\u00ebt tuaj:<\/h4><ul data-start=\"555\" data-end=\"1305\"><li class=\"\" data-start=\"555\" data-end=\"800\"><p class=\"\" data-start=\"557\" data-end=\"800\">\ud83d\udc76 <strong data-start=\"560\" data-end=\"597\">Ambient i sigurt dhe i mbik\u00ebqyrur<\/strong>: K\u00ebndi i loj\u00ebrave \u00ebsht\u00eb i ndar\u00eb nga pjesa tjet\u00ebr e lokalit, me materiale t\u00eb buta dhe pajisje t\u00eb p\u00ebrshtatshme p\u00ebr moshat 2\u20138 vje\u00e7. P\u00ebr sigurin\u00eb maksimale, \u00ebsht\u00eb n\u00ebn v\u00ebzhgim t\u00eb vazhduesh\u00ebm nga stafi yn\u00eb.<\/p><\/li><li class=\"\" data-start=\"801\" data-end=\"938\"><p class=\"\" data-start=\"803\" data-end=\"938\">\ud83c\udfa8 <strong data-start=\"806\" data-end=\"839\">Loj\u00ebra edukative dhe kreative<\/strong>: Ofrojm\u00eb libra p\u00ebr ngjyrosje, lodra nd\u00ebrtimi, k\u00ebnde vizatimi dhe aktivitete q\u00eb nxisin imagjinat\u00ebn.<\/p><\/li><li class=\"\" data-start=\"939\" data-end=\"1104\"><p class=\"\" data-start=\"941\" data-end=\"1104\">\ud83e\uddfc <strong data-start=\"944\" data-end=\"968\">Higjien\u00eb e garantuar<\/strong>: Pajisjet dhe lodrat pastrohen dhe dezinfektohen rregullisht gjat\u00eb dit\u00ebs, duke respektuar t\u00eb gjitha standardet e higjien\u00ebs p\u00ebr f\u00ebmij\u00ebt.<\/p><\/li><li class=\"\" data-start=\"1105\" data-end=\"1305\"><p class=\"\" data-start=\"1107\" data-end=\"1305\">\ud83d\ude0a <strong data-start=\"1110\" data-end=\"1141\">Staf i trajnuar dhe miq\u00ebsor<\/strong>: An\u00ebtar\u00ebt e stafit q\u00eb kujdesen p\u00ebr k\u00ebndin e loj\u00ebrave jan\u00eb t\u00eb trajnuar p\u00ebr t\u00eb punuar me f\u00ebmij\u00ebt dhe jan\u00eb gjithmon\u00eb t\u00eb gatsh\u00ebm p\u00ebr t&#8217;i ndihmuar apo p\u00ebr t&#8217;i arg\u00ebtuar.<\/p><\/li><\/ul>\t\t\t\t\t\t\t\t<\/div>\n\t\t\t\t<\/div>\n\t\t\t\t<div class=\"elementor-element elementor-element-159edaa elementor-widget elementor-widget-image\" data-id=\"159edaa\" data-element_type=\"widget\" data-widget_type=\"image.default\">\n\t\t\t\t<div class=\"elementor-widget-container\">\n\t\t\t\t\t\t\t\t\t\t\t\t\t\t\t<img fetchpriority=\"high\" decoding=\"async\" width=\"640\" height=\"696\" src=\"https:\/\/pizzerialakeview.com\/wp-content\/uploads\/2025\/05\/WhatsApp-Image-2025-05-20-at-14.06.27_64aab18a-e1747751662969.jpg\" class=\"attachment-large size-large wp-image-3718\" alt=\"\" srcset=\"https:\/\/pizzerialakeview.com\/wp-content\/uploads\/2025\/05\/WhatsApp-Image-2025-05-20-at-14.06.27_64aab18a-e1747751662969.jpg 942w, https:\/\/pizzerialakeview.com\/wp-content\/uploads\/2025\/05\/WhatsApp-Image-2025-05-20-at-14.06.27_64aab18a-e1747751662969-276x300.jpg 276w, https:\/\/pizzerialakeview.com\/wp-content\/uploads\/2025\/05\/WhatsApp-Image-2025-05-20-at-14.06.27_64aab18a-e1747751662969-768x835.jpg 768w, https:\/\/pizzerialakeview.com\/wp-content\/uploads\/2025\/05\/WhatsApp-Image-2025-05-20-at-14.06.27_64aab18a-e1747751662969-600x652.jpg 600w\" sizes=\"(max-width: 640px) 100vw, 640px\" \/>\t\t\t\t\t\t\t\t\t\t\t\t\t\t\t<\/div>\n\t\t\t\t<\/div>\n\t\t\t\t\t<\/div>\n\t\t\t\t<\/div>\n\t\t<div class=\"elementor-element elementor-element-58c75c0 e-flex e-con-boxed tmpcoder-sticky-section-no e-con e-parent\" data-id=\"58c75c0\" data-element_type=\"container\">\n\t\t\t\t\t<div class=\"e-con-inner\">\n\t\t\t\t<div class=\"elementor-element elementor-element-0928549 elementor-widget elementor-widget-spacer\" data-id=\"0928549\" data-element_type=\"widget\" data-widget_type=\"spacer.default\">\n\t\t\t\t<div class=\"elementor-widget-container\">\n\t\t\t\t\t\t\t<div class=\"elementor-spacer\">\n\t\t\t<div class=\"elementor-spacer-inner\"><\/div>\n\t\t<\/div>\n\t\t\t\t\t\t<\/div>\n\t\t\t\t<\/div>\n\t\t\t\t\t<\/div>\n\t\t\t\t<\/div>\n\t\t<div class=\"elementor-element elementor-element-686b5df e-flex e-con-boxed tmpcoder-sticky-section-no e-con e-parent\" data-id=\"686b5df\" data-element_type=\"container\">\n\t\t\t\t\t<div class=\"e-con-inner\">\n\t\t\t\t<div class=\"elementor-element elementor-element-5006b45 elementor-widget elementor-widget-slider_revolution\" data-id=\"5006b45\" data-element_type=\"widget\" data-widget_type=\"slider_revolution.default\">\n\t\t\t\t<div class=\"elementor-widget-container\">\n\t\t\t\t\t\n\t\t<div class=\"wp-block-themepunch-revslider\">\n\t\t\t<!-- START Slider 4 REVOLUTION SLIDER 6.7.9 --><p class=\"rs-p-wp-fix\"><\/p>\n\t\t\t<rs-module-wrap id=\"rev_slider_5_1_wrapper\" data-source=\"gallery\" style=\"visibility:hidden;background:transparent;padding:0;margin:0px auto;margin-top:0;margin-bottom:0;\">\n\t\t\t\t<rs-module id=\"rev_slider_5_1\" style=\"\" data-version=\"6.7.9\">\n\t\t\t\t\t<rs-slides style=\"overflow: hidden; position: absolute;\">\n\t\t\t\t\t\t<rs-slide style=\"position: absolute;\" data-key=\"rs-8\" data-title=\"Slide\" data-in=\"o:0;\" data-out=\"a:false;\">\n\t\t\t\t\t\t\t<img decoding=\"async\" src=\"\/\/pizzerialakeview.com\/wp-content\/plugins\/revslider\/sr6\/assets\/assets\/dummy.png\" alt=\"\" title=\"WhatsApp Image 2025-06-16 at 22.14.07_848cc89d\" width=\"1600\" height=\"1066\" class=\"rev-slidebg tp-rs-img rs-lazyload\" data-lazyload=\"\/\/pizzerialakeview.com\/wp-content\/uploads\/2025\/06\/WhatsApp-Image-2025-06-16-at-22.14.07_848cc89d.jpg\" data-no-retina>\n<!---->\t\t\t\t\t<\/rs-slide>\n\t\t\t\t\t\t<rs-slide style=\"position: absolute;\" data-key=\"rs-9\" data-title=\"Slide\" data-in=\"o:0;\" data-out=\"a:false;\">\n\t\t\t\t\t\t\t<img decoding=\"async\" src=\"\/\/pizzerialakeview.com\/wp-content\/plugins\/revslider\/sr6\/assets\/assets\/dummy.png\" alt=\"\" title=\"WhatsApp Image 2025-06-16 at 22.14.07_39840cb7\" width=\"1600\" height=\"1066\" class=\"rev-slidebg tp-rs-img rs-lazyload\" data-lazyload=\"\/\/pizzerialakeview.com\/wp-content\/uploads\/2025\/06\/WhatsApp-Image-2025-06-16-at-22.14.07_39840cb7.jpg\" data-no-retina>\n<!---->\t\t\t\t\t<\/rs-slide>\n\t\t\t\t\t<\/rs-slides>\n\t\t\t\t<\/rs-module>\n\t\t\t\t<script>\n\t\t\t\t\tsetREVStartSize({c: 'rev_slider_5_1',rl:[1240,1024,778,480],el:[900],gw:[1240],gh:[900],type:'standard',justify:'',layout:'fullwidth',mh:\"0\"});if (window.RS_MODULES!==undefined && window.RS_MODULES.modules!==undefined && window.RS_MODULES.modules[\"revslider51\"]!==undefined) {window.RS_MODULES.modules[\"revslider51\"].once = false;window.revapi5 = undefined;if (window.RS_MODULES.checkMinimal!==undefined) window.RS_MODULES.checkMinimal()}\n\t\t\t\t<\/script>\n\t\t\t<\/rs-module-wrap>\n\t\t\t<!-- END REVOLUTION SLIDER -->\n<\/div>\n\n\t\t\t\t\t\t<\/div>\n\t\t\t\t<\/div>\n\t\t\t\t\t<\/div>\n\t\t\t\t<\/div>\n\t\t\t\t<\/div>\n\t\t","protected":false},"excerpt":{"rendered":"<p>K\u00ebndi i Loj\u00ebrave tek Pizzeria Lakeview Tek Pizzeria Lakeview, p\u00ebrkujdesja p\u00ebr klient\u00ebt tan\u00eb m\u00eb t\u00eb vegj\u00ebl \u00ebsht\u00eb po aq e r\u00ebnd\u00ebsishme sa edhe sh\u00ebrbimi ndaj t\u00eb rriturve. Prandaj kemi krijuar nj\u00eb k\u00ebnd loje t\u00eb dedikuar p\u00ebr f\u00ebmij\u00ebt, ku ata mund t\u00eb arg\u00ebtohen dhe t\u00eb kalojn\u00eb koh\u00eb t\u00eb lumtur e t\u00eb sigurt, nd\u00ebrkoh\u00eb q\u00eb ju shijoni [&hellip;]<\/p>\n","protected":false},"author":1,"featured_media":0,"parent":0,"menu_order":0,"comment_status":"closed","ping_status":"open","template":"","meta":{"footnotes":""},"class_list":["post-2","page","type-page","status-publish","hentry"],"_links":{"self":[{"href":"https:\/\/pizzerialakeview.com\/index.php?rest_route=\/wp\/v2\/pages\/2","targetHints":{"allow":["GET"]}}],"collection":[{"href":"https:\/\/pizzerialakeview.com\/index.php?rest_route=\/wp\/v2\/pages"}],"about":[{"href":"https:\/\/pizzerialakeview.com\/index.php?rest_route=\/wp\/v2\/types\/page"}],"author":[{"embeddable":true,"href":"https:\/\/pizzerialakeview.com\/index.php?rest_route=\/wp\/v2\/users\/1"}],"replies":[{"embeddable":true,"href":"https:\/\/pizzerialakeview.com\/index.php?rest_route=%2Fwp%2Fv2%2Fcomments&post=2"}],"version-history":[{"count":5,"href":"https:\/\/pizzerialakeview.com\/index.php?rest_route=\/wp\/v2\/pages\/2\/revisions"}],"predecessor-version":[{"id":3778,"href":"https:\/\/pizzerialakeview.com\/index.php?rest_route=\/wp\/v2\/pages\/2\/revisions\/3778"}],"wp:attachment":[{"href":"https:\/\/pizzerialakeview.com\/index.php?rest_route=%2Fwp%2Fv2%2Fmedia&parent=2"}],"curies":[{"name":"wp","href":"https:\/\/api.w.org\/{rel}","templated":true}]}}