{"id":658,"date":"2023-08-05T12:41:16","date_gmt":"2023-08-05T12:41:16","guid":{"rendered":"https:\/\/themes.templatescoder.com\/pizzon\/wp\/demo-01\/?page_id=658"},"modified":"2026-01-22T11:15:16","modified_gmt":"2026-01-22T11:15:16","slug":"about-us","status":"publish","type":"page","link":"https:\/\/pizzerialakeview.com\/?page_id=658","title":{"rendered":"About Us"},"content":{"rendered":"\t\t<div data-elementor-type=\"wp-page\" data-elementor-id=\"658\" class=\"elementor elementor-658\">\n\t\t\t\t\t\t<section class=\"elementor-section elementor-top-section elementor-element elementor-element-6ae0aa9 elementor-section-boxed elementor-section-height-default elementor-section-height-default wpr-multicolor-no tmpcoder-sticky-section-no tmpcoder-particle-no\" data-id=\"6ae0aa9\" data-element_type=\"section\">\n\t\t\t\t\t\t<div class=\"elementor-container elementor-column-gap-default\">\n\t\t\t\t\t<div class=\"elementor-column elementor-col-50 elementor-top-column elementor-element elementor-element-02de938\" data-id=\"02de938\" data-element_type=\"column\">\n\t\t\t<div class=\"elementor-widget-wrap elementor-element-populated\">\n\t\t\t\t\t\t<div class=\"elementor-element elementor-element-800705d elementor-widget elementor-widget-image\" data-id=\"800705d\" data-element_type=\"widget\" data-widget_type=\"image.default\">\n\t\t\t\t<div class=\"elementor-widget-container\">\n\t\t\t\t\t\t\t\t\t\t\t\t\t\t\t<img fetchpriority=\"high\" decoding=\"async\" width=\"2560\" height=\"1708\" src=\"https:\/\/pizzerialakeview.com\/wp-content\/uploads\/2025\/05\/1Z2A2921-scaled.jpg\" class=\"attachment-full size-full wp-image-3473\" alt=\"\" srcset=\"https:\/\/pizzerialakeview.com\/wp-content\/uploads\/2025\/05\/1Z2A2921-scaled.jpg 2560w, https:\/\/pizzerialakeview.com\/wp-content\/uploads\/2025\/05\/1Z2A2921-300x200.jpg 300w, https:\/\/pizzerialakeview.com\/wp-content\/uploads\/2025\/05\/1Z2A2921-1024x683.jpg 1024w, https:\/\/pizzerialakeview.com\/wp-content\/uploads\/2025\/05\/1Z2A2921-768x512.jpg 768w, https:\/\/pizzerialakeview.com\/wp-content\/uploads\/2025\/05\/1Z2A2921-1536x1025.jpg 1536w, https:\/\/pizzerialakeview.com\/wp-content\/uploads\/2025\/05\/1Z2A2921-2048x1366.jpg 2048w, https:\/\/pizzerialakeview.com\/wp-content\/uploads\/2025\/05\/1Z2A2921-600x400.jpg 600w\" sizes=\"(max-width: 2560px) 100vw, 2560px\" \/>\t\t\t\t\t\t\t\t\t\t\t\t\t\t\t<\/div>\n\t\t\t\t<\/div>\n\t\t\t\t<div class=\"elementor-element elementor-element-b4adfaa elementor-widget elementor-widget-google_maps\" data-id=\"b4adfaa\" data-element_type=\"widget\" data-widget_type=\"google_maps.default\">\n\t\t\t\t<div class=\"elementor-widget-container\">\n\t\t\t\t\t\t\t<div class=\"elementor-custom-embed\">\n\t\t\t<iframe loading=\"lazy\"\n\t\t\t\t\tsrc=\"https:\/\/maps.google.com\/maps?q=pizzeria%20lake%20view&#038;t=m&#038;z=10&#038;output=embed&#038;iwloc=near\"\n\t\t\t\t\ttitle=\"pizzeria lake view\"\n\t\t\t\t\taria-label=\"pizzeria lake view\"\n\t\t\t><\/iframe>\n\t\t<\/div>\n\t\t\t\t\t\t<\/div>\n\t\t\t\t<\/div>\n\t\t\t\t\t<\/div>\n\t\t<\/div>\n\t\t\t\t<div class=\"elementor-column elementor-col-50 elementor-top-column elementor-element elementor-element-7bd2c87\" data-id=\"7bd2c87\" data-element_type=\"column\">\n\t\t\t<div class=\"elementor-widget-wrap elementor-element-populated\">\n\t\t\t\t\t\t<div class=\"elementor-element elementor-element-68aed43 elementor-widget elementor-widget-heading\" data-id=\"68aed43\" data-element_type=\"widget\" data-widget_type=\"heading.default\">\n\t\t\t\t<div class=\"elementor-widget-container\">\n\t\t\t\t\t<h4 class=\"elementor-heading-title elementor-size-default\">RRETH NESH <\/h4>\t\t\t\t<\/div>\n\t\t\t\t<\/div>\n\t\t\t\t<div class=\"elementor-element elementor-element-c6f0d79 elementor-widget elementor-widget-heading\" data-id=\"c6f0d79\" data-element_type=\"widget\" data-widget_type=\"heading.default\">\n\t\t\t\t<div class=\"elementor-widget-container\">\n\t\t\t\t\t<h1 class=\"elementor-heading-title elementor-size-default\">PIZZERIA LAKEVIEW<br><\/h1>\t\t\t\t<\/div>\n\t\t\t\t<\/div>\n\t\t\t\t<div class=\"elementor-element elementor-element-b3aa932 elementor-widget elementor-widget-text-editor\" data-id=\"b3aa932\" data-element_type=\"widget\" data-widget_type=\"text-editor.default\">\n\t\t\t\t<div class=\"elementor-widget-container\">\n\t\t\t\t\t\t\t\t\t<p>Mir\u00eb se vini n\u00eb Lake View Pizzeria &amp; Playground \u2013 Vendin ku arg\u00ebtimi dhe shijet e mira takohen!<\/p><p>N\u00eb zem\u00ebr t\u00eb rezidenc\u00ebs ekskluzive Lake View n\u00eb Tiran\u00eb, ka lindur nj\u00eb destinacion i ri p\u00ebr familjet, f\u00ebmij\u00ebt dhe dashamir\u00ebsit e nj\u00eb ambienti t\u00eb k\u00ebndsh\u00ebm dhe t\u00eb sigurt \u2013 Lake View Pizzeria &amp; Playground. K\u00ebndi yn\u00eb modern i loj\u00ebrave dhe hap\u00ebsira multifunksionale jan\u00eb krijuar me dashuri dhe kujdes p\u00ebr t\u00eb ofruar nj\u00eb eksperienc\u00eb unike p\u00ebr t\u00eb gjith\u00eb an\u00ebtar\u00ebt e familjes.<\/p><p>K\u00ebndi i loj\u00ebrave, i nd\u00ebrtuar me standardet m\u00eb t\u00eb larta t\u00eb siguris\u00eb dhe komoditetit, \u00ebsht\u00eb vendi ideal ku f\u00ebmij\u00ebt mund t\u00eb luajn\u00eb, t\u00eb zhvillojn\u00eb kreativitetin dhe t\u00eb krijojn\u00eb kujtime t\u00eb paharrueshme. Me struktura arg\u00ebtuese p\u00ebr \u00e7do grupmosh\u00eb, ngjyra t\u00eb gjalla dhe nj\u00eb ambient t\u00eb mbik\u00ebqyrur, ne sigurojm\u00eb q\u00eb \u00e7do vog\u00eblush t\u00eb ndjehet i lir\u00eb, i sigurt dhe i lumtur.<\/p><p>Por arg\u00ebtimi nuk mbaron k\u00ebtu! Prind\u00ebrit dhe t\u00eb gjith\u00eb t\u00eb rriturit jan\u00eb t\u00eb mir\u00ebpritur t\u00eb relaksohen n\u00eb ambientin ton\u00eb t\u00eb ngroht\u00eb dhe mikprit\u00ebs, ku ofrojm\u00eb nj\u00eb bar-kafe bashk\u00ebkohor, nj\u00eb picer\u00ed artizanale me receta t\u00eb p\u00ebrgatitura me p\u00ebrb\u00ebr\u00ebs t\u00eb fresk\u00ebt dhe cil\u00ebsor\u00eb, si dhe nj\u00eb k\u00ebnd akulloresh q\u00eb do t\u00eb k\u00ebnaq\u00eb shijet e t\u00eb vegj\u00eblve dhe t\u00eb rriturve nj\u00ebsoj.<\/p><p>Lake View Pizzeria &amp; Playground \u00ebsht\u00eb i hapur \u00e7do dit\u00eb t\u00eb jav\u00ebs, dhe \u00ebsht\u00eb menduar si nj\u00eb hap\u00ebsir\u00eb komunitare ku familjet mund t\u00eb kalojn\u00eb koh\u00eb cil\u00ebsore s\u00eb bashku, t\u00eb festojn\u00eb dit\u00eblindje, evente apo thjesht t\u00eb shijojn\u00eb nj\u00eb dit\u00eb t\u00eb zakonshme me shum\u00eb g\u00ebzim.<\/p><p>Ju mir\u00ebpresim me zem\u00ebr t\u00eb hapur, n\u00eb nj\u00eb vend ku f\u00ebmij\u00ebt luajn\u00eb t\u00eb lumtur, prind\u00ebrit pushojn\u00eb t\u00eb qet\u00eb, dhe ku shija, siguria dhe arg\u00ebtimi b\u00ebhen nj\u00eb!<\/p>\t\t\t\t\t\t\t\t<\/div>\n\t\t\t\t<\/div>\n\t\t\t\t\t<\/div>\n\t\t<\/div>\n\t\t\t\t\t<\/div>\n\t\t<\/section>\n\t\t\t\t<section class=\"elementor-section elementor-top-section elementor-element elementor-element-738f595 elementor-section-boxed elementor-section-height-default elementor-section-height-default wpr-multicolor-no tmpcoder-sticky-section-no tmpcoder-particle-no\" data-id=\"738f595\" data-element_type=\"section\" data-settings=\"{&quot;background_background&quot;:&quot;classic&quot;}\">\n\t\t\t\t\t\t<div class=\"elementor-container elementor-column-gap-default\">\n\t\t\t\t\t<div class=\"elementor-column elementor-col-100 elementor-top-column elementor-element elementor-element-bf00b18\" data-id=\"bf00b18\" data-element_type=\"column\">\n\t\t\t<div class=\"elementor-widget-wrap elementor-element-populated\">\n\t\t\t\t\t\t<div class=\"elementor-element elementor-element-6806556 elementor-widget elementor-widget-heading\" data-id=\"6806556\" data-element_type=\"widget\" data-widget_type=\"heading.default\">\n\t\t\t\t<div class=\"elementor-widget-container\">\n\t\t\t\t\t<h4 class=\"elementor-heading-title elementor-size-default\">ZBULO<\/h4>\t\t\t\t<\/div>\n\t\t\t\t<\/div>\n\t\t\t\t<div class=\"elementor-element elementor-element-917b49e elementor-widget elementor-widget-heading\" data-id=\"917b49e\" data-element_type=\"widget\" data-widget_type=\"heading.default\">\n\t\t\t\t<div class=\"elementor-widget-container\">\n\t\t\t\t\t<h2 class=\"elementor-heading-title elementor-size-default\">HISTORIA JONE<\/h2>\t\t\t\t<\/div>\n\t\t\t\t<\/div>\n\t\t\t\t<div class=\"elementor-element elementor-element-afdaa5a elementor-widget__width-initial elementor-widget elementor-widget-text-editor\" data-id=\"afdaa5a\" data-element_type=\"widget\" data-widget_type=\"text-editor.default\">\n\t\t\t\t<div class=\"elementor-widget-container\">\n\t\t\t\t\t\t\t\t\t<p class=\"\" data-start=\"125\" data-end=\"443\">Pizzeria Lakeview lindi nga nj\u00eb \u00ebnd\u00ebrr e thjesht\u00eb: t\u00eb sillnim nj\u00eb shije autentike italiane n\u00eb zem\u00ebr t\u00eb komunitetit ton\u00eb, buz\u00eb nj\u00eb liqeni q\u00eb frym\u00ebzon qet\u00ebsi dhe k\u00ebnaq\u00ebsi. E hapur p\u00ebr her\u00eb t\u00eb par\u00eb n\u00eb vitin 2025, Lakeview filloi si nj\u00eb biznes familjar me nj\u00eb pasion t\u00eb madh p\u00ebr gatimin dhe mikpritjen.<\/p><p class=\"\" data-start=\"445\" data-end=\"764\">Me nj\u00eb furr\u00eb tradicionale dhe nj\u00eb recet\u00eb t\u00eb trash\u00ebguar brez pas brezi, ne filluam t\u00eb p\u00ebrgatisnim picat tona t\u00eb para me p\u00ebrkushtim dhe dashuri. Dit\u00eb pas dite, fal\u00eb p\u00ebrkrahjes s\u00eb klient\u00ebve tan\u00eb dhe besimit t\u00eb tyre n\u00eb cil\u00ebsin\u00eb ton\u00eb, u rrit\u00ebm dhe u b\u00ebm\u00eb nj\u00eb nga emrat m\u00eb t\u00eb dashur n\u00eb zon\u00eb p\u00ebr picat dhe sh\u00ebrbimin e ve\u00e7ant\u00eb.<\/p><p class=\"\" data-start=\"766\" data-end=\"963\">\u00c7do sukses i yni \u00ebsht\u00eb rezultat i lidhjes s\u00eb ngusht\u00eb me komunitetin, pun\u00ebs s\u00eb palodhur t\u00eb stafit dhe p\u00ebrkushtimit p\u00ebr t\u00eb ofruar ushqim q\u00eb nuk \u00ebsht\u00eb vet\u00ebm i shijsh\u00ebm, por edhe i p\u00ebrgatitur me zem\u00ebr.<\/p><p class=\"\" data-start=\"965\" data-end=\"1144\">Sot, Pizzeria Lakeview nuk \u00ebsht\u00eb vet\u00ebm nj\u00eb vend p\u00ebr t\u00eb ngr\u00ebn\u00eb \u2013 \u00ebsht\u00eb nj\u00eb vend ku krijohen kujtime, festohen momente t\u00eb ve\u00e7anta dhe ndahen buz\u00ebqeshje. Dhe kjo \u00ebsht\u00eb vet\u00ebm fillimi\u2026<\/p>\t\t\t\t\t\t\t\t<\/div>\n\t\t\t\t<\/div>\n\t\t\t\t\t<\/div>\n\t\t<\/div>\n\t\t\t\t\t<\/div>\n\t\t<\/section>\n\t\t\t\t<section class=\"elementor-section elementor-top-section elementor-element elementor-element-c2ee17a elementor-section-full_width elementor-section-height-default elementor-section-height-default wpr-multicolor-no tmpcoder-sticky-section-no tmpcoder-particle-no\" data-id=\"c2ee17a\" data-element_type=\"section\">\n\t\t\t\t\t\t<div class=\"elementor-container elementor-column-gap-default\">\n\t\t\t\t\t<div class=\"elementor-column elementor-col-100 elementor-top-column elementor-element elementor-element-bdbe637\" data-id=\"bdbe637\" data-element_type=\"column\">\n\t\t\t<div class=\"elementor-widget-wrap elementor-element-populated\">\n\t\t\t\t\t\t<div class=\"elementor-element elementor-element-d87a994 elementor-widget elementor-widget-image\" data-id=\"d87a994\" data-element_type=\"widget\" data-widget_type=\"image.default\">\n\t\t\t\t<div class=\"elementor-widget-container\">\n\t\t\t\t\t\t\t\t\t\t\t\t\t\t\t<img decoding=\"async\" width=\"1909\" height=\"165\" src=\"https:\/\/pizzerialakeview.com\/wp-content\/uploads\/2023\/08\/customer-top-bg.png\" class=\"attachment-full size-full wp-image-841\" alt=\"customer-top-bg\" srcset=\"https:\/\/pizzerialakeview.com\/wp-content\/uploads\/2023\/08\/customer-top-bg.png 1909w, https:\/\/pizzerialakeview.com\/wp-content\/uploads\/2023\/08\/customer-top-bg-300x26.png 300w, https:\/\/pizzerialakeview.com\/wp-content\/uploads\/2023\/08\/customer-top-bg-1024x89.png 1024w, https:\/\/pizzerialakeview.com\/wp-content\/uploads\/2023\/08\/customer-top-bg-768x66.png 768w, https:\/\/pizzerialakeview.com\/wp-content\/uploads\/2023\/08\/customer-top-bg-1536x133.png 1536w, https:\/\/pizzerialakeview.com\/wp-content\/uploads\/2023\/08\/customer-top-bg-600x52.png 600w\" sizes=\"(max-width: 1909px) 100vw, 1909px\" \/>\t\t\t\t\t\t\t\t\t\t\t\t\t\t\t<\/div>\n\t\t\t\t<\/div>\n\t\t\t\t\t<\/div>\n\t\t<\/div>\n\t\t\t\t\t<\/div>\n\t\t<\/section>\n\t\t\t\t<section class=\"elementor-section elementor-top-section elementor-element elementor-element-e669c91 elementor-section-boxed elementor-section-height-default elementor-section-height-default wpr-multicolor-no tmpcoder-sticky-section-no tmpcoder-particle-no\" data-id=\"e669c91\" data-element_type=\"section\" data-settings=\"{&quot;background_background&quot;:&quot;classic&quot;}\">\n\t\t\t\t\t\t<div class=\"elementor-container elementor-column-gap-default\">\n\t\t\t\t\t<div class=\"elementor-column elementor-col-100 elementor-top-column elementor-element elementor-element-524ad80\" data-id=\"524ad80\" data-element_type=\"column\">\n\t\t\t<div class=\"elementor-widget-wrap elementor-element-populated\">\n\t\t\t\t\t\t<div class=\"elementor-element elementor-element-6f86a04 elementor-widget elementor-widget-image-gallery\" data-id=\"6f86a04\" data-element_type=\"widget\" data-widget_type=\"image-gallery.default\">\n\t\t\t\t<div class=\"elementor-widget-container\">\n\t\t\t\t\t\t\t<div class=\"elementor-image-gallery\">\n\t\t\t\n\t\t<style>\n\t\t\t#gallery-1 {\n\t\t\t\tmargin: auto;\n\t\t\t}\n\t\t\t#gallery-1 .gallery-item {\n\t\t\t\tfloat: left;\n\t\t\t\tmargin-top: 10px;\n\t\t\t\ttext-align: center;\n\t\t\t\twidth: 33%;\n\t\t\t}\n\t\t\t#gallery-1 img {\n\t\t\t\tborder: 2px solid #cfcfcf;\n\t\t\t}\n\t\t\t#gallery-1 .gallery-caption {\n\t\t\t\tmargin-left: 0;\n\t\t\t}\n\t\t\t\/* see gallery_shortcode() in wp-includes\/media.php *\/\n\t\t<\/style>\n\t\t<div id='gallery-1' class='gallery galleryid-658 gallery-columns-3 gallery-size-large'><dl class='gallery-item'>\n\t\t\t<dt class='gallery-icon landscape'>\n\t\t\t\t<a data-elementor-open-lightbox=\"yes\" data-elementor-lightbox-slideshow=\"6f86a04\" data-elementor-lightbox-title=\"1Z2A2964\" data-e-action-hash=\"#elementor-action%3Aaction%3Dlightbox%26settings%3DeyJpZCI6MzQ4NiwidXJsIjoiaHR0cHM6XC9cL3BpenplcmlhbGFrZXZpZXcuY29tXC93cC1jb250ZW50XC91cGxvYWRzXC8yMDI1XC8wNVwvMVoyQTI5NjQtc2NhbGVkLmpwZyIsInNsaWRlc2hvdyI6IjZmODZhMDQifQ%3D%3D\" href='https:\/\/pizzerialakeview.com\/wp-content\/uploads\/2025\/05\/1Z2A2964-scaled.jpg'><img decoding=\"async\" width=\"640\" height=\"427\" src=\"https:\/\/pizzerialakeview.com\/wp-content\/uploads\/2025\/05\/1Z2A2964-1024x683.jpg\" class=\"attachment-large size-large\" alt=\"\" srcset=\"https:\/\/pizzerialakeview.com\/wp-content\/uploads\/2025\/05\/1Z2A2964-1024x683.jpg 1024w, https:\/\/pizzerialakeview.com\/wp-content\/uploads\/2025\/05\/1Z2A2964-300x200.jpg 300w, https:\/\/pizzerialakeview.com\/wp-content\/uploads\/2025\/05\/1Z2A2964-768x512.jpg 768w, https:\/\/pizzerialakeview.com\/wp-content\/uploads\/2025\/05\/1Z2A2964-1536x1025.jpg 1536w, https:\/\/pizzerialakeview.com\/wp-content\/uploads\/2025\/05\/1Z2A2964-2048x1366.jpg 2048w, https:\/\/pizzerialakeview.com\/wp-content\/uploads\/2025\/05\/1Z2A2964-600x400.jpg 600w\" sizes=\"(max-width: 640px) 100vw, 640px\" \/><\/a>\n\t\t\t<\/dt><\/dl><dl class='gallery-item'>\n\t\t\t<dt class='gallery-icon landscape'>\n\t\t\t\t<a data-elementor-open-lightbox=\"yes\" data-elementor-lightbox-slideshow=\"6f86a04\" data-elementor-lightbox-title=\"1Z2A2933\" data-e-action-hash=\"#elementor-action%3Aaction%3Dlightbox%26settings%3DeyJpZCI6MzQ4NSwidXJsIjoiaHR0cHM6XC9cL3BpenplcmlhbGFrZXZpZXcuY29tXC93cC1jb250ZW50XC91cGxvYWRzXC8yMDI1XC8wNVwvMVoyQTI5MzMtc2NhbGVkLmpwZyIsInNsaWRlc2hvdyI6IjZmODZhMDQifQ%3D%3D\" href='https:\/\/pizzerialakeview.com\/wp-content\/uploads\/2025\/05\/1Z2A2933-scaled.jpg'><img loading=\"lazy\" decoding=\"async\" width=\"640\" height=\"427\" src=\"https:\/\/pizzerialakeview.com\/wp-content\/uploads\/2025\/05\/1Z2A2933-1024x683.jpg\" class=\"attachment-large size-large\" alt=\"\" srcset=\"https:\/\/pizzerialakeview.com\/wp-content\/uploads\/2025\/05\/1Z2A2933-1024x683.jpg 1024w, https:\/\/pizzerialakeview.com\/wp-content\/uploads\/2025\/05\/1Z2A2933-300x200.jpg 300w, https:\/\/pizzerialakeview.com\/wp-content\/uploads\/2025\/05\/1Z2A2933-768x512.jpg 768w, https:\/\/pizzerialakeview.com\/wp-content\/uploads\/2025\/05\/1Z2A2933-1536x1025.jpg 1536w, https:\/\/pizzerialakeview.com\/wp-content\/uploads\/2025\/05\/1Z2A2933-2048x1366.jpg 2048w, https:\/\/pizzerialakeview.com\/wp-content\/uploads\/2025\/05\/1Z2A2933-600x400.jpg 600w\" sizes=\"(max-width: 640px) 100vw, 640px\" \/><\/a>\n\t\t\t<\/dt><\/dl><dl class='gallery-item'>\n\t\t\t<dt class='gallery-icon landscape'>\n\t\t\t\t<a data-elementor-open-lightbox=\"yes\" data-elementor-lightbox-slideshow=\"6f86a04\" data-elementor-lightbox-title=\"1Z2A3073\" data-e-action-hash=\"#elementor-action%3Aaction%3Dlightbox%26settings%3DeyJpZCI6MzQ4NCwidXJsIjoiaHR0cHM6XC9cL3BpenplcmlhbGFrZXZpZXcuY29tXC93cC1jb250ZW50XC91cGxvYWRzXC8yMDI1XC8wNVwvMVoyQTMwNzMtc2NhbGVkLmpwZyIsInNsaWRlc2hvdyI6IjZmODZhMDQifQ%3D%3D\" href='https:\/\/pizzerialakeview.com\/wp-content\/uploads\/2025\/05\/1Z2A3073-scaled.jpg'><img loading=\"lazy\" decoding=\"async\" width=\"640\" height=\"427\" src=\"https:\/\/pizzerialakeview.com\/wp-content\/uploads\/2025\/05\/1Z2A3073-1024x683.jpg\" class=\"attachment-large size-large\" alt=\"\" srcset=\"https:\/\/pizzerialakeview.com\/wp-content\/uploads\/2025\/05\/1Z2A3073-1024x683.jpg 1024w, https:\/\/pizzerialakeview.com\/wp-content\/uploads\/2025\/05\/1Z2A3073-300x200.jpg 300w, https:\/\/pizzerialakeview.com\/wp-content\/uploads\/2025\/05\/1Z2A3073-768x512.jpg 768w, https:\/\/pizzerialakeview.com\/wp-content\/uploads\/2025\/05\/1Z2A3073-1536x1025.jpg 1536w, https:\/\/pizzerialakeview.com\/wp-content\/uploads\/2025\/05\/1Z2A3073-2048x1366.jpg 2048w, https:\/\/pizzerialakeview.com\/wp-content\/uploads\/2025\/05\/1Z2A3073-600x400.jpg 600w\" sizes=\"(max-width: 640px) 100vw, 640px\" \/><\/a>\n\t\t\t<\/dt><\/dl><br style=\"clear: both\" \/><dl class='gallery-item'>\n\t\t\t<dt class='gallery-icon landscape'>\n\t\t\t\t<a data-elementor-open-lightbox=\"yes\" data-elementor-lightbox-slideshow=\"6f86a04\" data-elementor-lightbox-title=\"1Z2A2924\" data-e-action-hash=\"#elementor-action%3Aaction%3Dlightbox%26settings%3DeyJpZCI6MzQ4MywidXJsIjoiaHR0cHM6XC9cL3BpenplcmlhbGFrZXZpZXcuY29tXC93cC1jb250ZW50XC91cGxvYWRzXC8yMDI1XC8wNVwvMVoyQTI5MjQtc2NhbGVkLmpwZyIsInNsaWRlc2hvdyI6IjZmODZhMDQifQ%3D%3D\" href='https:\/\/pizzerialakeview.com\/wp-content\/uploads\/2025\/05\/1Z2A2924-scaled.jpg'><img loading=\"lazy\" decoding=\"async\" width=\"640\" height=\"427\" src=\"https:\/\/pizzerialakeview.com\/wp-content\/uploads\/2025\/05\/1Z2A2924-1024x683.jpg\" class=\"attachment-large size-large\" alt=\"\" srcset=\"https:\/\/pizzerialakeview.com\/wp-content\/uploads\/2025\/05\/1Z2A2924-1024x683.jpg 1024w, https:\/\/pizzerialakeview.com\/wp-content\/uploads\/2025\/05\/1Z2A2924-300x200.jpg 300w, https:\/\/pizzerialakeview.com\/wp-content\/uploads\/2025\/05\/1Z2A2924-768x512.jpg 768w, https:\/\/pizzerialakeview.com\/wp-content\/uploads\/2025\/05\/1Z2A2924-1536x1024.jpg 1536w, https:\/\/pizzerialakeview.com\/wp-content\/uploads\/2025\/05\/1Z2A2924-2048x1366.jpg 2048w, https:\/\/pizzerialakeview.com\/wp-content\/uploads\/2025\/05\/1Z2A2924-600x400.jpg 600w\" sizes=\"(max-width: 640px) 100vw, 640px\" \/><\/a>\n\t\t\t<\/dt><\/dl><dl class='gallery-item'>\n\t\t\t<dt class='gallery-icon landscape'>\n\t\t\t\t<a data-elementor-open-lightbox=\"yes\" data-elementor-lightbox-slideshow=\"6f86a04\" data-elementor-lightbox-title=\"1Z2A2926\" data-e-action-hash=\"#elementor-action%3Aaction%3Dlightbox%26settings%3DeyJpZCI6MzQ4MSwidXJsIjoiaHR0cHM6XC9cL3BpenplcmlhbGFrZXZpZXcuY29tXC93cC1jb250ZW50XC91cGxvYWRzXC8yMDI1XC8wNVwvMVoyQTI5MjYtc2NhbGVkLmpwZyIsInNsaWRlc2hvdyI6IjZmODZhMDQifQ%3D%3D\" href='https:\/\/pizzerialakeview.com\/wp-content\/uploads\/2025\/05\/1Z2A2926-scaled.jpg'><img loading=\"lazy\" decoding=\"async\" width=\"640\" height=\"427\" src=\"https:\/\/pizzerialakeview.com\/wp-content\/uploads\/2025\/05\/1Z2A2926-1024x683.jpg\" class=\"attachment-large size-large\" alt=\"\" srcset=\"https:\/\/pizzerialakeview.com\/wp-content\/uploads\/2025\/05\/1Z2A2926-1024x683.jpg 1024w, https:\/\/pizzerialakeview.com\/wp-content\/uploads\/2025\/05\/1Z2A2926-300x200.jpg 300w, https:\/\/pizzerialakeview.com\/wp-content\/uploads\/2025\/05\/1Z2A2926-768x512.jpg 768w, https:\/\/pizzerialakeview.com\/wp-content\/uploads\/2025\/05\/1Z2A2926-1536x1025.jpg 1536w, https:\/\/pizzerialakeview.com\/wp-content\/uploads\/2025\/05\/1Z2A2926-2048x1366.jpg 2048w, https:\/\/pizzerialakeview.com\/wp-content\/uploads\/2025\/05\/1Z2A2926-600x400.jpg 600w\" sizes=\"(max-width: 640px) 100vw, 640px\" \/><\/a>\n\t\t\t<\/dt><\/dl><dl class='gallery-item'>\n\t\t\t<dt class='gallery-icon landscape'>\n\t\t\t\t<a data-elementor-open-lightbox=\"yes\" data-elementor-lightbox-slideshow=\"6f86a04\" data-elementor-lightbox-title=\"1Z2A2906\" data-e-action-hash=\"#elementor-action%3Aaction%3Dlightbox%26settings%3DeyJpZCI6MzQ4MCwidXJsIjoiaHR0cHM6XC9cL3BpenplcmlhbGFrZXZpZXcuY29tXC93cC1jb250ZW50XC91cGxvYWRzXC8yMDI1XC8wNVwvMVoyQTI5MDYtc2NhbGVkLmpwZyIsInNsaWRlc2hvdyI6IjZmODZhMDQifQ%3D%3D\" href='https:\/\/pizzerialakeview.com\/wp-content\/uploads\/2025\/05\/1Z2A2906-scaled.jpg'><img loading=\"lazy\" decoding=\"async\" width=\"640\" height=\"427\" src=\"https:\/\/pizzerialakeview.com\/wp-content\/uploads\/2025\/05\/1Z2A2906-1024x683.jpg\" class=\"attachment-large size-large\" alt=\"\" srcset=\"https:\/\/pizzerialakeview.com\/wp-content\/uploads\/2025\/05\/1Z2A2906-1024x683.jpg 1024w, https:\/\/pizzerialakeview.com\/wp-content\/uploads\/2025\/05\/1Z2A2906-300x200.jpg 300w, https:\/\/pizzerialakeview.com\/wp-content\/uploads\/2025\/05\/1Z2A2906-768x512.jpg 768w, https:\/\/pizzerialakeview.com\/wp-content\/uploads\/2025\/05\/1Z2A2906-1536x1025.jpg 1536w, https:\/\/pizzerialakeview.com\/wp-content\/uploads\/2025\/05\/1Z2A2906-2048x1366.jpg 2048w, https:\/\/pizzerialakeview.com\/wp-content\/uploads\/2025\/05\/1Z2A2906-600x400.jpg 600w\" sizes=\"(max-width: 640px) 100vw, 640px\" \/><\/a>\n\t\t\t<\/dt><\/dl><br style=\"clear: both\" \/>\n\t\t<\/div>\n\t\t<\/div>\n\t\t\t\t\t\t<\/div>\n\t\t\t\t<\/div>\n\t\t\t\t\t<\/div>\n\t\t<\/div>\n\t\t\t\t\t<\/div>\n\t\t<\/section>\n\t\t\t\t<section class=\"elementor-section elementor-top-section elementor-element elementor-element-10297e0 elementor-section-boxed elementor-section-height-default elementor-section-height-default wpr-multicolor-no tmpcoder-sticky-section-no tmpcoder-particle-no\" data-id=\"10297e0\" data-element_type=\"section\">\n\t\t\t\t\t\t<div class=\"elementor-container elementor-column-gap-default\">\n\t\t\t\t\t<div class=\"elementor-column elementor-col-100 elementor-top-column elementor-element elementor-element-750931a\" data-id=\"750931a\" data-element_type=\"column\">\n\t\t\t<div class=\"elementor-widget-wrap elementor-element-populated\">\n\t\t\t\t\t\t<div class=\"elementor-element elementor-element-2f99501 elementor-widget elementor-widget-heading\" data-id=\"2f99501\" data-element_type=\"widget\" data-widget_type=\"heading.default\">\n\t\t\t\t<div class=\"elementor-widget-container\">\n\t\t\t\t\t<h2 class=\"elementor-heading-title elementor-size-default\">REZERVO ONLINE<\/h2>\t\t\t\t<\/div>\n\t\t\t\t<\/div>\n\t\t\t\t<div class=\"elementor-element elementor-element-1f20348 elementor-position-left elementor-vertical-align-middle elementor-widget__width-auto elementor-mobile-position-left online-call elementor-view-default elementor-widget elementor-widget-icon-box\" data-id=\"1f20348\" data-element_type=\"widget\" data-widget_type=\"icon-box.default\">\n\t\t\t\t<div class=\"elementor-widget-container\">\n\t\t\t\t\t\t\t<div class=\"elementor-icon-box-wrapper\">\n\n\t\t\t\t\t\t<div class=\"elementor-icon-box-icon\">\n\t\t\t\t<a href=\"tel:%20+%2091%20123%20456%20789%200\" class=\"elementor-icon\" tabindex=\"-1\" aria-label=\"+ 355683000177\">\n\t\t\t\t\t\t\t\t<\/a>\n\t\t\t<\/div>\n\t\t\t\n\t\t\t\t\t\t<div class=\"elementor-icon-box-content\">\n\n\t\t\t\t\t\t\t\t\t<div class=\"elementor-icon-box-title\">\n\t\t\t\t\t\t<a href=\"tel:%20+%2091%20123%20456%20789%200\" >\n\t\t\t\t\t\t\t+ 355683000177\t\t\t\t\t\t<\/a>\n\t\t\t\t\t<\/div>\n\t\t\t\t\n\t\t\t\t\n\t\t\t<\/div>\n\t\t\t\n\t\t<\/div>\n\t\t\t\t\t\t<\/div>\n\t\t\t\t<\/div>\n\t\t\t\t\t<\/div>\n\t\t<\/div>\n\t\t\t\t\t<\/div>\n\t\t<\/section>\n\t\t<div class=\"elementor-element elementor-element-368930b e-flex e-con-boxed tmpcoder-sticky-section-no e-con e-parent\" data-id=\"368930b\" data-element_type=\"container\">\n\t\t\t\t\t<div class=\"e-con-inner\">\n\t\t\t\t<div class=\"elementor-element elementor-element-32fec8b elementor-widget elementor-widget-shortcode\" data-id=\"32fec8b\" data-element_type=\"widget\" data-widget_type=\"shortcode.default\">\n\t\t\t\t<div class=\"elementor-widget-container\">\n\t\t\t\t\t\t\t<div class=\"elementor-shortcode\"><div data-crm-form-id=\"DEh9qAJvUf6zdGrzOzIvJtXF9kebpjdS\" class=\"crm-form-container\" style=\"min-height: 100px;\">\r\n                    <div style=\"text-align: center; padding: 20px; color: #666;\">\r\n                        <p>Loading form...<\/p>\r\n                    <\/div>\r\n                <\/div><\/div>\n\t\t\t\t\t\t<\/div>\n\t\t\t\t<\/div>\n\t\t\t\t\t<\/div>\n\t\t\t\t<\/div>\n\t\t\t\t<\/div>\n\t\t","protected":false},"excerpt":{"rendered":"<p>RRETH NESH PIZZERIA LAKEVIEW Mir\u00eb se vini n\u00eb Lake View Pizzeria &amp; Playground \u2013 Vendin ku arg\u00ebtimi dhe shijet e mira takohen! N\u00eb zem\u00ebr t\u00eb rezidenc\u00ebs ekskluzive Lake View n\u00eb Tiran\u00eb, ka lindur nj\u00eb destinacion i ri p\u00ebr familjet, f\u00ebmij\u00ebt dhe dashamir\u00ebsit e nj\u00eb ambienti t\u00eb k\u00ebndsh\u00ebm dhe t\u00eb sigurt \u2013 Lake View Pizzeria &amp; [&hellip;]<\/p>\n","protected":false},"author":1,"featured_media":0,"parent":0,"menu_order":0,"comment_status":"closed","ping_status":"closed","template":"elementor_header_footer","meta":{"footnotes":""},"class_list":["post-658","page","type-page","status-publish","hentry"],"_links":{"self":[{"href":"https:\/\/pizzerialakeview.com\/index.php?rest_route=\/wp\/v2\/pages\/658","targetHints":{"allow":["GET"]}}],"collection":[{"href":"https:\/\/pizzerialakeview.com\/index.php?rest_route=\/wp\/v2\/pages"}],"about":[{"href":"https:\/\/pizzerialakeview.com\/index.php?rest_route=\/wp\/v2\/types\/page"}],"author":[{"embeddable":true,"href":"https:\/\/pizzerialakeview.com\/index.php?rest_route=\/wp\/v2\/users\/1"}],"replies":[{"embeddable":true,"href":"https:\/\/pizzerialakeview.com\/index.php?rest_route=%2Fwp%2Fv2%2Fcomments&post=658"}],"version-history":[{"count":5,"href":"https:\/\/pizzerialakeview.com\/index.php?rest_route=\/wp\/v2\/pages\/658\/revisions"}],"predecessor-version":[{"id":4003,"href":"https:\/\/pizzerialakeview.com\/index.php?rest_route=\/wp\/v2\/pages\/658\/revisions\/4003"}],"wp:attachment":[{"href":"https:\/\/pizzerialakeview.com\/index.php?rest_route=%2Fwp%2Fv2%2Fmedia&parent=658"}],"curies":[{"name":"wp","href":"https:\/\/api.w.org\/{rel}","templated":true}]}}